-124 - -126. Suppose -13*q = -2*q - 15642. Suppose q = 4*n - 2*a, -m*a = -5*n + a + 1775. Is n a prime number?
False
Let b(f) = 7*f**3 + 14*f + 16. Let k(a) = 3*a**2 - 5*a - 1. Let r be k(4). Suppose x - r = -4*g, 5*x + 4 = -1. Is b(g) a composite number?
True
Let w be ((-54)/324)/((-1)/102). Let y(i) = 487*i + 120. Is y(w) a prime number?
False
Let g = 48 - 48. Is (1 - g)/(-3 - -4) + 1040 a composite number?
True
Let g = -217 - -218. Let i(d) = 742*d**3 + d**2 + 8*d - 8. Is i(g) prime?
True
Let y = -153880 + 233175. Is y composite?
True
Let k(m) = -m**3 - 4*m**2 - 2*m - 4. Let p be k(-4). Suppose 0*i = 2*i + p. Let j(r) = 393*r**2 + 2*r - 1. Is j(i) composite?
False
Let g(q) = 390*q**3 - 60*q + 167. Is g(6) a composite number?
False
Let q(l) be the second derivative of 37*l**5/30 - 7*l**4/24 + 13*l**3/6 - 11*l. Let n(o) be the second derivative of q(o). Is n(2) a prime number?
False
Is (810/80 - 10) + (-1103836)/(-32) a prime number?
False
Let v(n) = -2*n**3 + 27*n**2 - 20*n + 4. Let d(l) = -l**3 + 13*l**2 - 10*l + 1. Let c(k) = -5*d(k) + 2*v(k). Is c(14) a composite number?
True
Let p(g) = -5991*g**3 + 3*g**2 - 20*g - 45. Is p(-2) a prime number?
False
Suppose -23193 = 6*r + 46035. Let t = 247 - r. Is t a prime number?
False
Let o be 108/2*98/21. Let i = 721 - o. Is i composite?
True
Let v(n) = n - 4. Let a be v(6). Let u be ((-1)/(-5)*a)/((-40)/(-600)). Let l(r) = 133*r - 7. Is l(u) a prime number?
False
Let z(r) = 9*r**2 - r. Let a be z(-1). Let s(y) = 519*y + 25. Let f be s(a). Suppose -v + 5*o + 3220 = 0, 2*v - 1189 - f = -2*o. Is v a composite number?
True
Let r be -7*1*(172 - -17). Let h = r + 1964. Suppose 5*l - a - 1051 = 0, -3*l + 0*l + h = 2*a. Is l prime?
True
Suppose -7*i = -4*r - 2*i - 19, 5 = -2*r + i. Let b(n) = 636*n**2 - 5*n - 6. Is b(r) a composite number?
True
Let l be 1*((-1887)/4 + (-9)/(-12)). Let f = l + 792. Suppose 5*p - h = 551, -p - 2*p + f = -3*h. Is p a prime number?
False
Let t(g) = 6395*g**2 - 165*g + 167. Is t(1) composite?
False
Suppose -23*n = -16*n - 14*n + 3969637. Is n composite?
True
Suppose -2*v = 3*a - 69, -3*v - 53 - 43 = -5*a. Suppose -a*m = -15*m - 27582. Is m composite?
False
Let i(d) = 22537*d**2 + 226*d + 2. Is i(-5) a composite number?
False
Let f be -3*141*2/6. Let u = 22 - f. Is u prime?
True
Suppose -2*w = -4*y - 17184, -9*w + 34342 = -5*w + 5*y. Let o(f) = -724*f**3 - 5*f + 1. Let a be o(-2). Let h = w - a. Is h composite?
True
Suppose -1457 = -3*m + 16021. Let t = 11449 - m. Is t a composite number?
False
Let t be (-13)/(-3 + (-20)/(25/(-5))). Is (-36)/234 - 29473/t prime?
True
Suppose -15174384 = 190*v - 206*v. Is v a prime number?
False
Let v(o) be the second derivative of 3*o**3 + 17*o**2/2 - 15*o. Suppose 3*w = -z + 26, 0 = 5*z + 2*w - 5*w - 58. Is v(z) composite?
False
Let q(b) = -50 - 285*b - 1 - 80. Is q(-22) a composite number?
True
Let o = -21741 - -76274. Is o composite?
True
Suppose -36 = -3*t - 3*o, -4*t + 2*t + 39 = -3*o. Suppose -15 = 6*j + t. Is 1 - 68/j - 32/(-80) a composite number?
True
Let j(w) = 2*w**2 + 6*w + 1. Let v(k) = -2*k**2 - 3*k**2 + 2*k**2 - 1 - 7*k. Let l(d) = -6*j(d) - 5*v(d). Is l(-4) a prime number?
False
Let n(h) = -796*h - 15 + 854*h + 2175*h. Let o(m) = -1116*m + 7. Let z(l) = 3*n(l) + 7*o(l). Is z(-1) a composite number?
False
Is 5/(-5)*(0 + 1)*301196244/(-636) a prime number?
True
Let s(n) = 6*n**3 - 11*n**2 + 12*n + 5. Let m(x) = -2*x + 6 - 27 - x**2 - 10*x + 0*x**2. Let w be m(-9). Is s(w) prime?
True
Let c(s) be the second derivative of -28*s**3 - 21*s**2/2 + 32*s. Let i be c(-11). Let h = 752 + i. Is h composite?
False
Suppose 3*q + 37 = -4*g, 4*g = g + 6. Let a(f) = -561*f - 389. Is a(q) a composite number?
True
Let u(p) = -10911*p - 4138. Is u(-49) a composite number?
False
Let t(h) = 20*h**3 - 4*h**2 - h + 6. Let j be t(3). Suppose -2*i - 756 = -4*b, 3*b - 82 = -4*i + j. Is b a prime number?
True
Is (18367/(-3))/(44/4752*-12) a composite number?
True
Let w(r) = 22687*r**3 + 3*r**2 + 27*r + 14. Is w(3) a prime number?
True
Let g(b) be the first derivative of 657*b**2/2 - 17*b + 1906. Let t be ((-4)/5)/(2/(-10)). Is g(t) a composite number?
True
Suppose j + 5*o = 23134, 2*o = -3*j + j + 46276. Suppose 3*r + 10*f = 12*f + j, -4*r + 30832 = 4*f. Is r composite?
True
Is (0 - 2) + ((-120)/1380 - (-1631854)/46) prime?
False
Let s(v) = 365*v + 180. Let h = -188 - -205. Is s(h) a prime number?
False
Let q(g) = -7*g**2 + 68*g - 52. Let a(n) = -22*n**2 + 204*n - 155. Let c(h) = -3*a(h) + 8*q(h). Is c(-28) a composite number?
True
Suppose 1129707 = 6*j + 19144 - 1732003. Is j composite?
False
Let v be (31 - 37) + 2 + 0/3. Let j be (6/(-9))/((-4)/(-174)). Is (17 - j)*(-202)/v prime?
False
Let w(f) = -f**3 + 17*f**2 + f - 12. Let h(z) = -9*z - 18. Let p be h(-3). Let u be w(p). Is (-9)/12 - u/(-12) a composite number?
False
Let v = 96 + -94. Let u be (2/(-3))/v + 92/6. Is 3446/30 - (-2)/u a prime number?
False
Let u = 67 - -20. Suppose u + 484 = i. Is i prime?
True
Suppose 4*d = p - 27949 - 14321, -21138 = 2*d - 2*p. Is 3/1 - (d - -11) a prime number?
True
Let g be (-142)/(-24)*4 - 2/(-6). Suppose -5*j - 2*m = -g, 3*j + m - 5*m = 30. Is 14*(3 - j/4) a composite number?
True
Suppose 2*v - 7 = -9. Is ((-223)/v - 0)*3/3 composite?
False
Let i(w) = -489*w - 4. Let u(o) = -1956*o - 17. Let t(y) = 9*i(y) - 2*u(y). Let a = -2323 + 2322. Is t(a) a prime number?
True
Let s(g) = 4958*g**3 - 2*g**2 + 159*g - 315. Is s(2) composite?
False
Suppose 12 = 6*y - 2*y + 5*h, -4*h + 12 = 4*y. Suppose -3*a + 9267 = -0*a - y*n, -3*a = 5*n - 9299. Is a a composite number?
True
Suppose 0 = 23*x - 15*x - 24. Is x/10 - 163035/(-50) composite?
True
Let h = 20 - 16. Suppose l - 854 = 5*f, -5*l + 7*l = -h*f + 1750. Is l prime?
False
Let z be ((-12)/(-20))/((-3)/15). Is (19117 - 4*z/3)/1 a composite number?
False
Let l(n) = -227*n**3 - 5*n**2 - 13*n - 24. Is l(-7) composite?
True
Suppose -4*n = 3*d - 2209141, 3*n = 128*d - 131*d + 1656858. Is n a prime number?
True
Let i(c) = -11 - 71 - 26 - 17 + 187*c. Is i(10) a composite number?
True
Suppose z - 645 = 3052. Suppose -z = 6*n - 23131. Is n a prime number?
False
Let a(s) = 2*s - 7. Let d be a(5). Suppose -5 = -d*n + 10, 2008 = y - 2*n. Is y prime?
False
Let p = 129392 - 63639. Is p a composite number?
True
Let l(q) = 30*q**3 - 7*q**2 - 11*q - 7. Let c(j) = 32*j**3 - 7*j**2 - 11*j - 7. Let k(d) = -3*c(d) + 2*l(d). Is k(-5) prime?
False
Let j = -10 + 17. Suppose 5*i - 25 = -3*z, -j = 3*i - 4*z + 7. Suppose -3*l + 3*u + 2070 = 90, i*l - u - 1315 = 0. Is l a prime number?
False
Let r = -30 - -55. Let u be 1/5 + -7*15/r. Is (1/3)/(u/(-5604)) composite?
False
Is (-24)/20 - -1117*11230/50 a prime number?
False
Let p(k) = 249*k**2 + 6*k + 4. Let m = -162 + 159. Is p(m) a prime number?
False
Let i be 230/(-4) + (-65)/26. Let n = 4643 - i. Is n composite?
False
Let o = 731176 - 148947. Is o composite?
True
Suppose 74*c - 8089 = 2049. Suppose 15 = 4*m - m. Suppose m*r - 5448 = c. Is r a composite number?
False
Suppose o - u - 1661 + 405 = 0, 1 = u. Suppose 3*z = -5*w + 5292, -5*w - 3001 + o = -z. Is z composite?
False
Let r be 12/(-4)*8/(-12). Let w(a) = -3*a - 1 + 4*a + 32*a**r - 11*a**2. Is w(-6) prime?
False
Let c = -34 - -33. Let t be (c + -2)*1*(-440)/3. Suppose 3*q - t = 511. Is q composite?
False
Suppose -3*k + 5*k - 3*r - 40 = 0, -r = 2. Suppose 862 = 18*i - k*i. Is i a prime number?
False
Let b(u) = 172*u - 14. Let r be b(6). Let p = r - -916. Is p a composite number?
True
Let w(j) = -37*j**3 - j**2 + 3*j - 3. Let p be w(-3). Suppose -507*l + 504*l = -3*y - 4827, -5*y + 1609 = l. Let i = l - p. Is i prime?
True
Suppose 22*u - 19*u = 2*j + 145925, -4*u - 5*j = -194628. Is u prime?
True
Let y = 485876 + -240079. Is y a composite number?
True
Let p(c) = -c**2 - c + 15. Let q be p(0). Let r be (q/(-20))/(-2*(-3)/24). Let n(j) = 110*j**2 + 5. Is n(r) a composite number?
True
Let p(s) = -s**3 + 19*s**2 - 77*s + 7. Let m be p(13). Suppose -30707 = -5*b - 4*t, 16*b - m*b = -3*t - 24547. Is b a composite number?
True
Let u be (6/(-4)*(-80)/(-30))/(-4). Is (1 - (-15 - -13)) + (u - -11127) a composite number?
False
Let c be 40470 - (2 + 5 - -1). Suppose -19595 = -9*h + c. Is h a prime number?
True
Let x(v) = -7*v**3 - 183*v**2 + 77*v + 39. Is x(-